{"id":15,"date":"2018-03-28T10:17:55","date_gmt":"2018-03-28T10:17:55","guid":{"rendered":"http:\/\/festivaldelinde.org\/boutique\/?post_type=product&#038;p=15"},"modified":"2018-03-31T04:34:08","modified_gmt":"2018-03-31T04:34:08","slug":"lenseignement-de-sri-caitanya","status":"publish","type":"product","link":"https:\/\/festivaldelinde.org\/boutique\/produit\/lenseignement-de-sri-caitanya\/","title":{"rendered":"L&rsquo;Enseignement de Sri Caitanya"},"content":{"rendered":"","protected":false},"excerpt":{"rendered":"<p>Sri Chaitanya Mahaprabhu, Le Grand Ma\u00eetre, apparut en Inde il y a plus de 500 ans. Illustre \u00e9rudit et d\u00e9vot sublime de la bhakti, Il est reconnu comme le ma\u00eetre le plus \u00e9minent de la philosophie vaishnava. Sa vie et Son enseignement sont pr\u00e9sent\u00e9s ici afin que, dans le monde entier, tous puissent tirer parti de ce savoir inestimable.<\/p>\n<p>15 x 21cm, 316 pages, 450g, 15 illustrations couleurs, couverture rigide<\/p>\n","protected":false},"featured_media":208,"template":"","meta":{"generate_page_header":""},"product_brand":[],"product_cat":[16],"product_tag":[],"class_list":{"0":"post-15","1":"product","2":"type-product","3":"status-publish","4":"has-post-thumbnail","6":"product_cat-livres-bhaktivedanta","7":"","8":"woocommerce-text-align-center","9":"woocommerce-image-align-center","10":"do-quantity-buttons","11":"wc-has-gallery","13":"first","14":"instock","15":"shipping-taxable","16":"purchasable","17":"product-type-simple"},"_links":{"self":[{"href":"https:\/\/festivaldelinde.org\/boutique\/wp-json\/wp\/v2\/product\/15","targetHints":{"allow":["GET"]}}],"collection":[{"href":"https:\/\/festivaldelinde.org\/boutique\/wp-json\/wp\/v2\/product"}],"about":[{"href":"https:\/\/festivaldelinde.org\/boutique\/wp-json\/wp\/v2\/types\/product"}],"wp:featuredmedia":[{"embeddable":true,"href":"https:\/\/festivaldelinde.org\/boutique\/wp-json\/wp\/v2\/media\/208"}],"wp:attachment":[{"href":"https:\/\/festivaldelinde.org\/boutique\/wp-json\/wp\/v2\/media?parent=15"}],"wp:term":[{"taxonomy":"product_brand","embeddable":true,"href":"https:\/\/festivaldelinde.org\/boutique\/wp-json\/wp\/v2\/product_brand?post=15"},{"taxonomy":"product_cat","embeddable":true,"href":"https:\/\/festivaldelinde.org\/boutique\/wp-json\/wp\/v2\/product_cat?post=15"},{"taxonomy":"product_tag","embeddable":true,"href":"https:\/\/festivaldelinde.org\/boutique\/wp-json\/wp\/v2\/product_tag?post=15"}],"curies":[{"name":"wp","href":"https:\/\/api.w.org\/{rel}","templated":true}]}}